Suppose 169 = -10*b + g. What is the greatest common factor of 52 and b?
4
Let i(y) be the second derivative of -y**4/12 - y**3/3 + 81*y**2 - 64*y. Let q be i(0). Calculate the greatest common factor of q and 36.
18
Let v(i) = -5*i**3 - 7*i**2 + 28*i + 20. Let g be v(-8). Calculate the greatest common divisor of 108 and g.
36
Let m be (63/24)/((-9)/(-30))*8. What is the greatest common divisor of 6 and m?
2
Let p(c) = c**2 + 54*c + 623. Let u be p(-40). What is the greatest common factor of 11739 and u?
21
Let b = -3694 + 3736. Calculate the highest common divisor of 10059 and b.
21
Let h(k) be the third derivative of 0 + 0*k + 28*k**2 - 1/4*k**4 - 9/2*k**3 + 1/60*k**5. Let c be h(-5). Calculate the highest common divisor of c and 42.
14
Suppose -318 = -24*u - 82*u. Suppose h = -2*p + 49 + 3, -3*h + 191 = -p. Suppose -u*l + 178 + h = 0. What is the greatest common divisor of 200 and l?
40
Suppose -3*s + 5 = 2*t, 5*t + 0*s - 2*s - 3 = 0. Let u be (-10 - 2860/(-77))/(t/7). Calculate the highest common divisor of 10 and u.
10
Suppose 33*z - 13*z - 900 = 0. Let x be ((-75)/z)/(1/(-3))*17. Calculate the highest common factor of 68 and x.
17
Let g(c) = 21*c**2 - 3*c + 7. Let u be g(-3). Suppose 1655 = 54*p - 11625 - 2218. What is the highest common divisor of p and u?
41
Let j be -86*((4 - 1) + -2). Suppose 0 = -8*q - 249 - 479. Let w = j - q. Calculate the greatest common divisor of w and 20.
5
Let z(t) = 2*t**3 - 29*t**2 - 92*t - 32. Let v be z(18). Calculate the greatest common divisor of 841 and v.
29
Let y(k) = 3*k**2 - 4*k. Let j be y(4). Suppose 416 = 2*a + 2*d, -4*a + 3*d = 6*d - 832. Suppose 12*s = a + 80. Calculate the highest common factor of j and s.
8
Let k(x) = x**2 - 14*x - 7. Let z be k(15). Suppose z*m = 167 + 297. Let i = 92 - 63. Calculate the highest common factor of m and i.
29
Let n(t) = -t**2 + 24*t - 51. Suppose -4*w - 5*d + 65 = w, 2*w - d = 38. Let x be n(w). What is the greatest common divisor of 4 and x?
4
Let d(j) = -5*j**2 - 68*j - 61. Let m be d(-12). Calculate the greatest common factor of m and 3115.
35
Let g = 11 + -9. Let v(j) = 14*j**3 - 2*j**2 - j + 3. Let y be v(g). Suppose -10*x = -17 - 193. What is the highest common factor of x and y?
21
Suppose 2*h - 544 = 3*x, 5*h + 4*x - 8327 = -6967. What is the highest common factor of h and 9452?
68
Suppose 30*g = -5*b + 29*g + 266, 5*b + 2*g - 267 = 0. Let a = 64 - b. Calculate the greatest common factor of 209 and a.
11
Let k(d) = -899*d + 29. Let u be k(-2). Calculate the highest common factor of u and 27.
9
Suppose 125 = -11*n - 73. Let g be n/12 + (-22)/(-4). Suppose x - 3*k - 43 = 0, -g*x - 3*k - 83 = -285. What is the highest common factor of x and 14?
7
Suppose 3*z = -z - 12, -2*z = -l + 62. Suppose 5511*a - 5528*a + 1190 = 0. What is the highest common factor of a and l?
14
Let r be (-2301)/(-52) - (45/12)/3. Suppose -2040 = -53*d + r*d. Calculate the highest common divisor of 238 and d.
34
Let y = 209 - 95. Suppose -4*f - 4*n + 290 + 2 = 0, -f - 4*n = -64. What is the highest common factor of y and f?
38
Let q(m) = 28*m + 2664. Let b be q(63). What is the highest common factor of b and 60?
12
Let m = -4711 - -4749. What is the highest common divisor of 38 and m?
38
Suppose -7*y - 6*y = -65. Suppose 0 = 2*h + 26 - 36, z - y*h = 27. Calculate the greatest common divisor of z and 1196.
52
Let t(d) = 5*d - 21. Let b be t(5). Let x = b - -32. Suppose -2*j - 362 = -4*l, 2*j = -4*l + l + 268. Calculate the greatest common factor of l and x.
18
Let f = 19832 - 19822. What is the greatest common factor of 5065 and f?
5
Let i be -8 - (-3*1/(-3))/(11/(-12386)). What is the greatest common factor of 416 and i?
26
Let k = 66 + -100. Let t(j) = 2*j**3 - 23*j**2 + 6*j + 1. Let v be t(11). Let b = k - v. Calculate the highest common factor of 70 and b.
10
Let z(k) = k**3 - 28*k**2 + 94*k + 19. Let w be z(26). What is the highest common factor of w and 22?
11
Let q(a) = -a**3 - 9*a**2 - 21*a - 5. Let f be q(-5). Suppose -1435*o + 1439*o - 176 = f. What is the highest common divisor of 418 and o?
22
Suppose 1052 - 2 = 6*d. What is the greatest common divisor of d and 150?
25
Suppose -2*v = -2, 3*y - v - 3 = -1. Suppose 10*t - 5 = 9*t. Calculate the greatest common factor of y and t.
1
Let x be (612/60 - -1)*5. Suppose -3*b = -6*b + 252. Calculate the greatest common divisor of b and x.
28
Let f be ((-1382921)/(-391) - -13) + 2/17. Calculate the greatest common factor of 200 and f.
50
Let k(m) = 5*m + 98. Let z be k(-20). Let p = z - -25. What is the highest common divisor of 46 and p?
23
Let x(m) = m**3 - 5*m**2 + 5*m + 3. Let c = 34 - 29. Let z be x(c). Let q = -50 + 54. What is the highest common divisor of q and z?
4
Let i be ((-22)/(-6))/((-2)/(-12)). Let x = -103 - -106. Suppose -x*d = -4*o - 248, 3*o + 188 = 2*d + 6*o. Calculate the greatest common divisor of i and d.
22
Suppose -12191 = -2*y + 4*w + 13119, 4*y + 5*w - 50698 = 0. Calculate the greatest common factor of y and 106.
53
Let v(m) = -11*m**2 + 5*m**3 - 2*m**2 + 36*m - 50*m - 12. Let j be v(7). Calculate the highest common divisor of j and 88.
88
Let b = 136 + -36. Suppose 12*u - 378 = 942. What is the greatest common factor of b and u?
10
Let j(a) = -2*a**3 - 59*a**2 + 144*a + 58. Let t be j(-33). Calculate the greatest common divisor of 58 and t.
29
Suppose 27*o - 33696 = -9*o - 3*o. Calculate the highest common divisor of 360 and o.
72
Suppose 9*w = 5*z - 741, -4*z = 5*w - 511 - 94. Calculate the highest common divisor of 270 and z.
30
Suppose 3*s + 7*s - 20 = 0. Let u be (s - 68) + (0 + -2 - 0). Let k = u + 84. What is the highest common factor of k and 24?
8
Let x = 3038 + -2723. Let k be ((-63)/5)/(-6 - (-261)/45). Calculate the highest common factor of x and k.
63
Let z(m) = 33*m + 41. Let b be z(12). Let g be 5*(-4 - -5) + 12 + 2. What is the greatest common factor of b and g?
19
Suppose 0 = -2*i + 28, r + 0*r - 3*i + 36 = 97. Let y = -387 + 1726. What is the highest common factor of y and r?
103
Suppose i = 4*b - 100 - 154, 3*i + 314 = 5*b. Let r(p) = p**3 - 2*p**2 - 23*p + 28. Let g be r(7). What is the greatest common factor of g and b?
16
Suppose -x = 3*r - 26, -24 - 20 = -x + 3*r. Suppose -19*j - 123*j = 39*j - 69685. Calculate the greatest common factor of j and x.
35
Let j = 8 + -3. Suppose j*i - 64 = 1476. Suppose -18*b + 596 = 92. Calculate the highest common divisor of b and i.
28
Let h = -1575 + 1644. What is the greatest common divisor of h and 1932?
69
Let o(z) = -5*z**2 + 20*z - 173. Let d be o(10). Let l = -383 - d. What is the highest common factor of 630 and l?
90
Suppose 44*z = 60*z + 21*z - 7141. What is the highest common factor of 16 and z?
1
Suppose -3*l = 2*p - 118, -3*l - 4*p + 29 = -81. Let u = 118 + -62. What is the greatest common divisor of u and l?
14
Let t be (-38052)/(-49) + (-18)/21 + 2/7. What is the greatest common divisor of 291 and t?
97
Suppose -403 = -4*d + 5*g, d - 4*g + 1 - 99 = 0. Let z = 22 - 10. What is the highest common factor of z and d?
6
Let y = -10349 + 23681. What is the highest common divisor of y and 22?
22
Let p = 72 + -46. Suppose -5*i = -7*i + m + 32, -2*m = i - p. What is the highest common divisor of 30 and i?
6
Let n be (-10)/(-4) + (-10)/(-4). Suppose -8*d = -9*d - 5*v + 65, 4*d - 160 = n*v. Calculate the greatest common divisor of 9 and d.
9
Suppose -2*y + 3*y + 2*u = 119, 482 = 4*y + 2*u. Suppose 5*p - 151 = -2*j, 4*j - 6*j = -p - y. What is the greatest common divisor of 36 and j?
9
Let d(x) = x + 43. Let z be d(-6). Suppose 3*i + 0*c - 5*c - z = 0, -2*i + 2*c = -18. Suppose i*b = 61 - 5. What is the highest common factor of 112 and b?
14
Let o(l) be the third derivative of 13*l**5/15 - l**4/12 - l**3/3 + 35*l**2. Let f be o(1). Calculate the greatest common divisor of f and 64.
16
Let z(y) = -y**3 + 13*y**2 + 35*y - 59. Let j be z(15). Suppose 5*p = j*w - 14*w - 175, -w - 4*p + 107 = 0. Calculate the highest common factor of w and 57.
19
Let q be 11*(34/(-8) + 0)*4. Let a = q + 239. Calculate the highest common divisor of 26 and a.
26
Let n = 13825 - 13819. Let c = -7 - -10. Calculate the greatest common divisor of n and c.
3
Suppose 0 = -r - 0*r + 8. Let a be (-1 - 1) + (20/(-4))/5. Let h = a - -59. What is the greatest common factor of